or of 624 and 10244.
52
Calculate the greatest common factor of 83100 and 1280.
20
Calculate the highest common divisor of 8251 and 23199.
37
What is the greatest common divisor of 93072 and 5712?
336
What is the greatest common divisor of 5084 and 19352?
164
Calculate the highest common factor of 3653 and 271727.
281
What is the highest common factor of 314952 and 561?
33
What is the greatest common factor of 215 and 5?
5
Calculate the highest common divisor of 40 and 24456.
8
What is the highest common divisor of 453970 and 1540?
110
Calculate the greatest common factor of 5229 and 71379.
63
Calculate the greatest common factor of 250 and 2450.
50
Calculate the highest common factor of 36 and 134469.
9
Calculate the greatest common factor of 64 and 2192512.
64
What is the highest common factor of 256086 and 2952?
738
Calculate the greatest common factor of 20322549 and 351.
351
What is the highest common divisor of 52710 and 1320?
30
What is the highest common factor of 12824 and 2443?
7
What is the greatest common factor of 3486 and 40362?
42
Calculate the highest common divisor of 27661 and 796.
199
What is the greatest common factor of 302 and 614?
2
What is the highest common divisor of 46 and 1322?
2
What is the highest common divisor of 1666 and 1041250?
1666
Calculate the highest common factor of 1403 and 3713741.
1403
Calculate the greatest common factor of 47146 and 297.
11
Calculate the highest common factor of 11795 and 81217.
337
Calculate the highest common divisor of 646 and 32224.
38
Calculate the highest common factor of 1605879 and 297.
297
What is the highest common divisor of 1442452 and 308?
44
What is the highest common divisor of 40760 and 1020?
20
Calculate the highest common factor of 84 and 14476.
28
What is the highest common factor of 21016 and 2556?
284
Calculate the greatest common divisor of 82977 and 51.
51
Calculate the highest common factor of 105 and 20993.
7
What is the greatest common divisor of 19341 and 1197?
63
What is the greatest common divisor of 1685992 and 784?
392
What is the highest common divisor of 19 and 22192?
19
Calculate the highest common factor of 65440 and 21040.
80
Calculate the highest common factor of 575 and 3105000.
575
Calculate the highest common factor of 70513 and 16475.
659
What is the highest common divisor of 28 and 153377?
7
What is the highest common divisor of 18 and 24072?
6
What is the highest common factor of 1702 and 1564?
46
What is the greatest common divisor of 19912 and 57418?
38
Calculate the highest common divisor of 112 and 283570.
14
What is the highest common factor of 342 and 7632?
18
What is the highest common divisor of 24254 and 2353?
181
What is the highest common factor of 550 and 30600?
50
Calculate the greatest common divisor of 788 and 1163482.
394
Calculate the greatest common factor of 108 and 10596.
12
Calculate the highest common factor of 1054 and 3026.
34
Calculate the highest common factor of 130713 and 3.
3
Calculate the highest common divisor of 5040 and 510.
30
Calculate the greatest common factor of 6223 and 637.
49
What is the greatest common divisor of 90 and 531378?
18
Calculate the highest common divisor of 117381 and 33.
33
Calculate the highest common factor of 963135 and 17.
17
What is the highest common divisor of 5599 and 2387?
11
Calculate the highest common divisor of 76946 and 14.
2
What is the greatest common divisor of 898896 and 3?
3
Calculate the highest common factor of 852 and 710.
142
What is the greatest common divisor of 13083 and 21?
21
What is the greatest common factor of 1403 and 8492359?
1403
Calculate the highest common divisor of 4966 and 39.
13
What is the highest common divisor of 54 and 354834?
54
Calculate the highest common divisor of 13392 and 45.
9
What is the highest common factor of 60 and 692?
4
What is the greatest common factor of 43527 and 627?
33
Calculate the highest common factor of 110655 and 40.
5
Calculate the greatest common factor of 5673195 and 1570.
785
Calculate the greatest common divisor of 170 and 409110.
10
Calculate the highest common factor of 339 and 196620.
339
Calculate the highest common factor of 1063260 and 1760.
220
Calculate the highest common factor of 755664 and 224.
112
Calculate the highest common factor of 37005 and 120.
15
What is the highest common factor of 48 and 34500?
12
What is the highest common factor of 112 and 248640?
112
Calculate the greatest common factor of 4620 and 254210.
110
What is the highest common factor of 2675 and 52965?
535
What is the greatest common divisor of 2232623 and 116?
29
What is the greatest common factor of 378187 and 3715?
743
What is the highest common factor of 1220 and 40?
20
What is the greatest common divisor of 744778 and 290?
58
What is the highest common factor of 2661 and 57?
3
Calculate the greatest common factor of 1402 and 168941.
701
What is the highest common divisor of 384075 and 675?
675
What is the highest common divisor of 78 and 8801806?
26
Calculate the greatest common divisor of 595699 and 13.
13
What is the highest common factor of 23364 and 12474?
198
What is the highest common divisor of 132 and 24036?
12
What is the greatest common divisor of 30800 and 27500?
1100
What is the greatest common divisor of 25746 and 138?
6
Calculate the highest common factor of 48 and 2283216.
48
Calculate the highest common divisor of 39648 and 18816.
672
What is the greatest common factor of 67 and 2848907?
67
Calculate the highest common factor of 1815 and 53845.
605
Calculate the greatest common factor of 15234 and 4566.
6
What is the greatest common divisor of 2475 and 820710?
495
What is the greatest common divisor of 495 and 56177?
11
Calculate the greatest common divisor of 325 and 20675.
25
Calculate the greatest common factor of 262766 and 14.
14
What is the greatest common divisor of 122240 and 16?
16
Calculate the highest common factor of 2584 and 56696.
152
What is the highest common factor of 54 and 33654?
6
What is the highest common factor of 151 and 3872093?
151
What is the greatest common divisor of 6376 and 1153259?
797
What is the highest common factor of 131280 and 60?
60
Calculate the highest common factor of 53652 and 1564.
68
Calculate the greatest common divisor of 690 and 40296.
138
Calculate the greatest common divisor of 8 and 68524.
4
Calculate the greatest common factor of 51984 and 211584.
912
What is the greatest common factor of 142416 and 35880?
552
Calculate the greatest common factor of 135720 and 195.
195
Calculate the greatest common factor of 2714 and 1909.
23
Calculate the highest common divisor of 312676 and 1092.
364
Calculate the highest common factor of 3621 and 54876.
51
Calculate the greatest common divisor of 383 and 175031.
383
What is the highest common factor of 29 and 44?
1
Calculate the highest common factor of 42 and 889854.
42
Calculate the greatest common divisor of 580 and 18444.
116
Calculate the greatest common factor of 40 and 266390.
10
Calculate the greatest common factor of 1896 and 1560.
24
Calculate the greatest common factor of 417 and 47121.
417
Calculate the greatest common divisor of 675 and 134350.
25
What is the greatest common divisor of 428 and 236470?
214
What is the greatest common factor of 100 and 32175?
25
Calculate the greatest common factor of 187 and 11435050.
187
Calculate the greatest common factor of 16416 and 66.
6
What is the highest common factor of 1610 and 46?
46
What is the greatest common factor of 586 and 3659863?
293
What is the greatest common divisor of 363318 and 114?
114
What is the greatest common factor of 2598 and 129034?
866
What is the greatest common factor of 1658 and 1238?
2
Calculate the highest common factor of 15675 and 495.
165
Calculate the highest common factor of 53634 and 1239.
21
Calculate the highest common factor of 567 and 28.
7
Calculate the highest common divisor of 320 and 7120.
80
Calculate the highest common factor of 255150 and 168.
42
Calculate the greatest common divisor of 23 and 35.
1
What is the greatest common divisor of 209 and 17589?
11
Calculate the greatest common factor of 982107 and 11781.
1071
Calculate the highest common factor of 18248 and 324.
4
What is the highest common divisor of 147654